 when h is divided by 17?
15
Suppose 63 = -4*p + 15. Let q(w) = 281 + 12*w - 137 + w**2 - 139. What is the remainder when 7 is divided by q(p)?
2
Suppose -4*o - 680 = -4*w, 5*w + 109 = 2*o + 965. Calculate the remainder when w is divided by 53.
13
What is the remainder when ((-1)/((-4)/(-381)))/((-261)/1740) is divided by 64?
59
Let i(q) = -q**3 + 10*q**2 - 4*q - 1. Let k be (-2)/3 - 240/(-36). Calculate the remainder when i(k) is divided by 31.
26
Suppose 0 = -14*h + 1196 + 22. Calculate the remainder when h is divided by 23.
18
Suppose -5*z - 38 = 52. Let u = z - -35. Calculate the remainder when 194/4 + 2/(-4) is divided by u.
14
Let q(f) = 3*f - 13. Suppose t - 1 = 0, -5*b + 0*t - 2*t + 112 = 0. What is the remainder when 210 is divided by q(b)?
51
Suppose -8*z - 12 = -4. Let f(u) = -3 - u + 11*u**2 - 2*u**2 + 2. What is the remainder when 33 is divided by f(z)?
6
Suppose 0 = -12*n + 10*n - 12. Let p(z) = z**2 - 4*z - 16. Calculate the remainder when 173 is divided by p(n).
41
Suppose -14*t - 1439 = -5345. What is the remainder when t is divided by 93?
0
Suppose 0 = 5*a - 58 - 42. What is the remainder when 33 is divided by a?
13
Let x = 91 + -85. Calculate the remainder when 62 is divided by x.
2
Let b(f) = f**3 - 10*f**2 + 19*f - 16. Let c be b(7). Calculate the remainder when 240 is divided by 241/9 + c/(-135).
24
Let f = -245 + 253. What is the remainder when 638 is divided by f?
6
Suppose 2*q + p = 103, p - 15 = 2*q - 112. Calculate the remainder when (7 + -3)/(20/q) is divided by 8.
2
Let f(n) = n + 133. Let t be f(0). Let l = t - 36. Let b = -7230 - -7255. What is the remainder when l is divided by b?
22
Suppose x = 25 - 9. What is the remainder when 23 is divided by x?
7
Suppose -7*s = -27*s + 1740. What is the remainder when s is divided by 13?
9
Suppose f - 8 = 5. Let h be (-16)/(-24) + f/3. Suppose -4*b - 1 + 2 = h*m, 3*b = -3*m. Calculate the remainder when 2 is divided by m.
0
Let g(v) be the first derivative of -3*v**2/2 - 5*v + 18. What is the remainder when 58 is divided by g(-9)?
14
Suppose 132 = 4*y - 2*f, -32*y = -28*y + 4*f - 156. What is the remainder when 96 is divided by y?
26
Let h(j) = 89*j**2 - j + 2. What is the remainder when h(1) is divided by 13?
12
Suppose 0 = -2*i + 4*i - 96. Let p(m) = 5 + i*m - 4 + 0 - 2. What is the remainder when p(1) is divided by 12?
11
Suppose -4 = -2*u - 0*u. Let h = 44 - 30. Calculate the remainder when (u/(-3))/(4/(-318)) is divided by h.
11
Suppose -5*m - 5*c + 65 = 0, -3*c - 28 = -2*m - 6*c. Let l(p) = 11*p**2 + p**2 + 2 + p - p**3 - p**2. What is the remainder when l(m) is divided by 4?
1
Calculate the remainder when (-4)/(-5) - 0 - (-5472)/160 is divided by 7.
0
Let x(p) = -4*p**3 - 1. Let h(f) = -f**2 - 132*f + 2004. What is the remainder when h(13) is divided by x(-2)?
26
Calculate the remainder when -2*361/(-2) + (59 - 65) is divided by 60.
55
Suppose 3*l - 8 - 3 = 4*f, 3*f = -l + 8. Let z(x) = 6*x**2 - 2*x + 1. What is the remainder when 9 is divided by z(f)?
4
Suppose 4*q - 2*s = 100, 3*s - 80 = -12*q + 8*q. Let v(y) = 6*y**2 + y - 3. What is the remainder when v(-4) is divided by q?
20
Let y be 3/(0 + 3) + 19. Suppose 0 = -5*c, -4*s + 4*c + y = -0*c. Suppose u - 4 = k - 4*k, -5*u + 20 = -4*k. What is the remainder when s is divided by u?
1
What is the remainder when 21879/63 + (-14)/49 is divided by 10?
7
Let t(i) = -2 + 6 + 2*i + i. Let n be t(-6). Calculate the remainder when 26 is divided by n/6*(-10 + 4).
12
Let b(u) be the first derivative of -u**3/3 - 7*u**2 + 6*u - 13. Let h(a) = -10*a**3 + a**2 + a + 1. Calculate the remainder when h(-1) is divided by b(-14).
5
Let z(l) = -2*l + 22. What is the remainder when 207 is divided by z(4)?
11
Suppose -564*n + 554*n + 1420 = 0. What is the remainder when n is divided by 30?
22
Let j be (-62)/4*1*-2. Suppose -j = -2*u + 23. Suppose -2*f = -27 - 1. Calculate the remainder when u is divided by f.
13
Calculate the remainder when 10/(-20)*(-1 - 217) is divided by 25.
9
Let a(u) = 3*u**2 + 10*u. Suppose 52 = 5*o - 4*v - 51, 5*v = 3*o - 54. What is the remainder when a(-8) is divided by o?
20
Suppose -99 = -3*j + 138. Suppose 16 = 4*n, 2*h + n = 3*n + 46. What is the remainder when j is divided by h?
25
Let m = -13 - -31. Suppose 6 = -3*r + m. Suppose -29 = -g - 3*w, -r*w + 6*w = g - 4. What is the remainder when 54 is divided by g?
12
Suppose -n + 3*q = -66, -q - 2 = -3*q. Suppose n = 3*x - 2*x. Let w(i) = 18*i**2. Calculate the remainder when x is divided by w(1).
15
Let t(w) = 5*w - 4. What is the remainder when 31 is divided by t(2)?
1
Suppose 3 + 0 = u. Let j(n) = -n**2 + 5*n + 3. Let k be j(u). Let m = 29 - k. Calculate the remainder when m is divided by 11.
9
Let y be (-512)/(-10) - 5/25. Suppose -w = -16 - y. What is the remainder when w is divided by 34?
33
Let w(n) = -11*n + 350. What is the remainder when w(28) is divided by 4?
2
Suppose 608 = -98*v + 102*v. Calculate the remainder when v is divided by 46.
14
Let k(b) = 2*b**2 + 13*b - 43. What is the remainder when k(3) is divided by 5?
4
Let i(s) be the second derivative of -s**3/3 + 3*s**2 + s. Let y be 4 + (-31)/3 + (-12)/(-36). What is the remainder when 69 is divided by i(y)?
15
Calculate the remainder when 108 is divided by 1 + -1 + 77/49*14.
20
Calculate the remainder when (-10)/3*(23 - 906/30) is divided by 9.
6
Suppose 5*i + 4*d = -71, 3*i = i + 3*d - 33. Let h be i/(-5)*(-2)/(-2). Suppose h*m = 41 + 4. What is the remainder when 29 is divided by m?
14
Suppose -3*i + 781 = -4*n, 5*n = 12*i - 8*i - 1043. What is the remainder when i is divided by 1?
0
Let n(i) = -3*i - 10. Let u be n(5). Let h = u + 30. Let x = -1 + 8. What is the remainder when x is divided by h?
2
Let i = 73 - 8. Let n = -4592 - -4609. What is the remainder when i is divided by n?
14
Suppose -3*t + 847 + 320 = r, -4*r - 12 = 0. What is the remainder when t is divided by 14?
12
Suppose -15*u + 4085 + 1645 = 0. What is the remainder when u is divided by 12?
10
Suppose -q = -3*h + 8, 6*h + 2 = q + 5*h. Calculate the remainder when 380 is divided by q.
2
Suppose -1 + 9 = i. Suppose 2*q + 2*u = 14, q + 2*u - 8 = 1. What is the remainder when i is divided by q?
3
Let w(x) = x**2 - 2*x + 6. Let g(n) = -n - 1. Let j be g(-5). What is the remainder when w(j) is divided by 17/2 + (-3)/6?
6
Suppose 0 = 9*p - 12*p + 2*h + 205, p + 5*h = 57. Calculate the remainder when p is divided by 17 - 1 - (1 + -4).
10
Suppose 3 = 3*j - 9. Let o(c) = 5*c**2 - 8*c - 2. Calculate the remainder when 181 is divided by o(j).
43
Suppose 2*p + 2*p = 36. Suppose 28 = p*w - 26. What is the remainder when 21 is divided by w?
3
Suppose 0*j + j = 310. Suppose -3*n + 5*y + 158 = -44, j = 5*n - 3*y. Calculate the remainder when n is divided by ((-128)/96)/((-1)/9).
11
Suppose 12*z - 19*z + 539 = 0. Suppose -2*u = 3*u - 2*c - z, 12 = 3*c. What is the remainder when 63 is divided by u?
12
Suppose -2*w - 7 = -s, s + 3*w = -w - 5. What is the remainder when 400 is divided by s?
1
Let p = 10 - 8. Suppose 16 = -0*i - p*i. Calculate the remainder when 5 is divided by i/20*(-1 + -4).
1
Let m(h) = h + 20. What is the remainder when m(3) is divided by 16?
7
Let d be 25/5*(-4)/(-10). Suppose d*z = 3*l - l - 8, 2*z = -5*l + 20. What is the remainder when 20 is divided by l?
0
Let i = 10 + 1. What is the remainder when (17 - (-12)/6)/(-3*(-1)/3) is divided by i?
8
Let q = -305 - -358. Calculate the remainder when 202 is divided by q.
43
Let p be 5/(-1)*24/(-5). Suppose -4 + p = -5*y. Calculate the remainder when (-7)/14*y*32 is divided by 33.
31
Let m = -22 - -21. Calculate the remainder when 1/(m*(-3)/153) is divided by 11.
7
Let f = -16 + 19. Let o = f - -8. Suppose 0*h + h + g - 12 = 0, -2*h - 3*g = -29. What is the remainder when o is divided by h?
4
Calculate the remainder when 150 is divided by 7*(-20)/(-28) - (-37 - -3).
33
Suppose 0*l = -2*l + 26. Let s be -3 + (0 - -2 - 1). Calculate the remainder when l is divided by s/(9/12 - 1).
5
Suppose -5*x + 4*q + 61 = 0, 3*x + 8 = q + 46. What is the remainder when x is divided by 1?
0
Suppose -10*r + 12*r = 74. Suppose -f = f - 4*x - 456, 2*f + 3*x - 428 = 0. What is the remainder when f is divided by r?
35
Let v(w) = w**2 - 3*w + 80. Calculate the remainder when v(13) is divided by 53